04-17 21:16:05.106: D/dalvikvm(460): GC_EXPLICIT freed 479 objects / 26960 bytes in 52ms
04-17 21:16:07.676: I/ActivityManager(88): Starting activity: Intent { act=android.intent.action.VIEW dat=file:///mnt/sdcard/NewProject.apk flg=0x10000000 cmp=com.android.packageinstaller/.PackageInstallerActivity }
04-17 21:16:07.826: W/InputManagerService(88): Starting input on non-focused client com.android.internal.view.IInputMethodClient$Stub$Proxy@44bcad40 (uid=10069 pid=2039)
04-17 21:16:08.006: I/ActivityManager(88): Displayed activity com.android.packageinstaller/.PackageInstallerActivity: 217 ms (total 217 ms)
04-17 21:16:09.436: I/ActivityManager(88): Starting activity: Intent { dat=file:///mnt/sdcard/NewProject.apk cmp=com.android.packageinstaller/.InstallAppProgress (has extras) }
04-17 21:16:09.626: D/dalvikvm(583): GC_EXPLICIT freed 382 objects / 20640 bytes in 97ms
04-17 21:16:09.756: I/ActivityManager(88): Displayed activity com.android.packageinstaller/.InstallAppProgress: 293 ms (total 293 ms)
04-17 21:16:12.176: D/PackageParser(88): Scanning package: /data/app/vmdl69065.tmp
04-17 21:16:12.806: D/PackageManager(88): Scanning package com.appcelerator.newproject
04-17 21:16:12.816: I/PackageManager(88): /data/app/com.appcelerator.newproject-1.apk changed; unpacking
04-17 21:16:12.826: D/PackageManager(88): Caching shared lib lib/armeabi-v7a/libkroll-v8.so
04-17 21:16:14.846: D/dalvikvm(416): GC_EXPLICIT freed 251 objects / 12448 bytes in 86ms
04-17 21:16:15.396: D/PackageManager(88): Caching shared lib lib/armeabi-v7a/libstlport_shared.so
04-17 21:16:15.636: D/installd(61): DexInv: --- BEGIN '/data/app/com.appcelerator.newproject-1.apk' ---
04-17 21:16:16.366: D/dalvikvm(2115): creating instr width table
04-17 21:16:16.516: D/dalvikvm(2115): DexOpt: 'Lorg/apache/commons/codec/binary/Base64;' has an earlier definition; blocking out
04-17 21:16:16.516: D/dalvikvm(2115): DexOpt: 'Lorg/apache/commons/codec/binary/Hex;' has an earlier definition; blocking out
04-17 21:16:16.546: D/dalvikvm(2115): DexOpt: 'Lorg/w3c/dom/UserDataHandler;' has an earlier definition; blocking out
04-17 21:16:16.706: D/dalvikvm(2115): DexOpt: not verifying 'Lorg/apache/commons/codec/binary/Base64;': multiple definitions
04-17 21:16:16.706: D/dalvikvm(2115): DexOpt: not verifying 'Lorg/apache/commons/codec/binary/Hex;': multiple definitions
04-17 21:16:16.706: I/dalvikvm(2115): DexOpt: not resolving ambiguous class 'Lorg/apache/commons/codec/binary/Hex;'
04-17 21:16:16.856: I/dalvikvm(2115): DexOpt: not resolving ambiguous class 'Lorg/apache/commons/codec/binary/Base64;'
04-17 21:16:17.036: D/dalvikvm(2115): DexOpt: not verifying 'Lorg/w3c/dom/UserDataHandler;': multiple definitions
04-17 21:16:17.076: I/dalvikvm(2115): DexOpt: not resolving ambiguous class 'Lorg/apache/commons/codec/binary/Hex;'
04-17 21:16:17.266: D/dalvikvm(2115): DexOpt: load 95ms, verify 640ms, opt 31ms
04-17 21:16:17.596: D/installd(61): DexInv: --- END '/data/app/com.appcelerator.newproject-1.apk' (success) ---
04-17 21:16:17.606: D/PackageManager(88): Services: org.appcelerator.titanium.analytics.TiAnalyticsService
04-17 21:16:17.606: D/PackageManager(88): Activities: com.appcelerator.newproject.NewprojectActivity org.appcelerator.titanium.TiActivity org.appcelerator.titanium.TiTranslucentActivity org.appcelerator.titanium.TiModalActivity ti.modules.titanium.ui.TiTabActivity ti.modules.titanium.ui.android.TiPreferencesActivity
04-17 21:16:17.606: I/ActivityManager(88): Force stopping package com.appcelerator.newproject uid=10058
04-17 21:16:17.777: I/installd(61): move /data/dalvik-cache/data@app@com.appcelerator.newproject-1.apk@classes.dex -> /data/dalvik-cache/data@app@com.appcelerator.newproject-1.apk@classes.dex
04-17 21:16:17.777: D/PackageManager(88): New package installed in /data/app/com.appcelerator.newproject-1.apk
04-17 21:16:18.006: D/VoiceDialerReceiver(399): onReceive Intent { act=android.intent.action.PACKAGE_ADDED dat=package:com.appcelerator.newproject flg=0x10000000 cmp=com.android.voicedialer/.VoiceDialerReceiver (has extras) }
04-17 21:16:18.006: V/RecognizerEngine(399): deleteCachedGrammarFiles /data/data/com.android.voicedialer/files/openentries.txt
04-17 21:16:18.187: D/dalvikvm(88): GC_FOR_MALLOC freed 12894 objects / 810856 bytes in 86ms
04-17 21:16:18.326: D/dalvikvm(88): GC_EXPLICIT freed 4899 objects / 252072 bytes in 83ms
04-17 21:16:19.546: I/ActivityManager(88): Starting activity: Intent { act=android.intent.action.MAIN flg=0x10000000 cmp=com.appcelerator.newproject/.NewprojectActivity }
04-17 21:16:19.656: I/ActivityManager(88): Start proc com.appcelerator.newproject for activity com.appcelerator.newproject/.NewprojectActivity: pid=2117 uid=10058 gids={1015, 3003}
04-17 21:16:19.796: I/TiApplication(2117): (main) [0,0] checkpoint, app created.
04-17 21:16:19.856: I/TiApplication(2117): (main) [59,59] Titanium 2.0.1 (2012/04/12 16:36 999c68a)
04-17 21:16:20.156: D/dalvikvm(2117): GC_FOR_MALLOC freed 3208 objects / 384320 bytes in 49ms
04-17 21:16:20.396: I/TiDbHelper(2117): (main) [543,602] No value in database for platform key: 'unique_machine_id' returning supplied default ''
04-17 21:16:20.416: I/TiDbHelper(2117): (main) [19,621] No value in database for platform key: 'hardware_machine_id' returning supplied default ''
04-17 21:16:20.566: I/TiApplication(2117): (main) [153,774] Titanium Javascript runtime: v8
04-17 21:16:20.586: D/dalvikvm(2117): Trying to load lib /data/data/com.appcelerator.newproject/lib/libstlport_shared.so 0x44922fc0
04-17 21:16:20.586: D/dalvikvm(2117): Added shared lib /data/data/com.appcelerator.newproject/lib/libstlport_shared.so 0x44922fc0
04-17 21:16:20.596: D/dalvikvm(2117): No JNI_OnLoad found in /data/data/com.appcelerator.newproject/lib/libstlport_shared.so 0x44922fc0, skipping init
04-17 21:16:20.606: D/dalvikvm(2117): Trying to load lib /data/data/com.appcelerator.newproject/lib/libkroll-v8.so 0x44922fc0
04-17 21:16:20.617: D/dalvikvm(2117): Added shared lib /data/data/com.appcelerator.newproject/lib/libkroll-v8.so 0x44922fc0
04-17 21:16:20.716: E/TiLaunchActivity(2117): (main) [142,916] Android issue 2373 detected (missing intent CATEGORY_LAUNCHER or FLAG_ACTIVITY_RESET_TASK_IF_NEEDED), restarting app. com.appcelerator.newproject.NewprojectActivity@449334e8
04-17 21:16:20.726: I/TiRootActivity(2117): (main) [0,0] checkpoint, on root activity resume. activity = com.appcelerator.newproject.NewprojectActivity@449334e8
04-17 21:16:20.826: D/dalvikvm(2117): GC_FOR_MALLOC freed 2039 objects / 409504 bytes in 61ms
04-17 21:16:20.976: I/ActivityManager(88): Displayed activity com.appcelerator.newproject/.NewprojectActivity: 1334 ms (total 1334 ms)
04-17 21:16:21.416: E/TiApplication(2117): (KrollRuntimeThread) [688,688] APP PROXY: ti.modules.titanium.app.AppModule@44967b60
04-17 21:16:22.956: I/AdWhirl SDK(2039): Rotating Ad
04-17 21:16:23.036: I/Ads(2039): To get test ads on this device, call adRequest.addTestDevice("8AC8FCBCFBF5E90461784132E17A8416");
04-17 21:16:23.226: D/dalvikvm(2039): GC_FOR_MALLOC freed 13134 objects / 1640632 bytes in 74ms
04-17 21:16:23.246: D/webviewglue(2039): nativeDestroy view: 0x6a1078
04-17 21:16:23.257: D/NativeCrypto(2039): Freeing OpenSSL session
04-17 21:16:23.266: I/Ads(2039): adRequestUrlHtml:
04-17 21:16:23.656: I/ActivityManager(88): Starting activity: Intent { act=android.intent.action.MAIN cat=[android.intent.category.LAUNCHER] flg=0x4 cmp=com.appcelerator.newproject/.NewprojectActivity (has extras) }
04-17 21:16:23.656: W/ActivityManager(88): startActivity called from non-Activity context; forcing Intent.FLAG_ACTIVITY_NEW_TASK for: Intent { act=android.intent.action.MAIN cat=[android.intent.category.LAUNCHER] flg=0x4 cmp=com.appcelerator.newproject/.NewprojectActivity (has extras) }
04-17 21:16:23.756: I/TiRootActivity(2117): (main) [0,0] checkpoint, on root activity create, savedInstanceState: null
04-17 21:16:23.816: D/TiAnalyticsDb(2117): (main) [61,61] Creating Database tianalytics.db
04-17 21:16:23.816: I/TiAnalyticsDb(2117): (main) [1,62] Upgrading Database from 1 to 4
04-17 21:16:23.936: I/Ads(2039): Received ad url: <"url": "http://googleads.g.doubleclick.net:80/mads/gma?preqs=2&u_sd=1.5&slotname=a14c45e91f46fc2&u_w=320&msid=com.metago.astro&js=afma-sdk-a-v4.1.0&isu=8AC8FCBCFBF5E90461784132E17A8416&format=320x50_mb&net=wi&app_name=247.android.com.metago.astro&hl=en&u_h=533&u_audio=1&u_so=p&output=html®ion=mobile_app&u_tz=0&ex=1&client_sdk=1&askip=2&caps=sdkAdmobApiForAds&jsv=19", "afmaNotifyDt": "null">
04-17 21:16:24.176: I/ActivityManager(88): Starting activity: Intent { cmp=com.appcelerator.newproject/ti.modules.titanium.ui.TiTabActivity (has extras) }
04-17 21:16:24.216: I/TiRootActivity(2117): (main) [0,0] checkpoint, on root activity resume. activity = com.appcelerator.newproject.NewprojectActivity@44925a00
04-17 21:16:24.276: W/TiTabActivity(2117): (main) [60,60] Notifying TiTabGroup, activity is created
04-17 21:16:24.396: D/TiUIView(2117): (main) [117,177] Nativeview is null
04-17 21:16:24.546: I/ActivityManager(88): Displayed activity com.appcelerator.newproject/ti.modules.titanium.ui.TiTabActivity: 316 ms (total 816 ms)
04-17 21:16:24.556: D/TiUIView(2117): (main) [156,333] Nativeview is null
04-17 21:16:24.866: W/webcore(2039): Can't get the viewWidth after the first layout
04-17 21:16:24.866: I/Ads(2039): onReceiveAd()